 - 1) + 1)*3. Let s = -32 - -36. Suppose 29 = 2*o + i*j, s*j - 15 - 19 = -2*o. Is o a multiple of 4?
False
Suppose 2*y + 4*m + 31 = -19, -3*m + 20 = -y. Let k = -11 - y. Is 6 a factor of k?
True
Let p = -14 + 29. Is 3 a factor of p?
True
Let j be (2/(-4))/(-1)*8. Suppose 5*m + 235 = 3*p, 20 = 3*p - j*m - 213. Suppose v - 33 = b + 2*b, -p = -5*v - 3*b. Is 18 a factor of v?
True
Suppose 5*a = -91 - 89. Does 8 divide (14/21)/((-1)/a)?
True
Let j(z) = 16*z - 4. Is j(3) a multiple of 22?
True
Suppose -3*f = -1 - 5. Suppose -6*y + 12 = -f*y. Is y a multiple of 3?
True
Let r = -3 - -3. Let t = 7 + r. Let s(i) = -i**2 + 9*i - 5. Is 9 a factor of s(t)?
True
Suppose 0 = -30*s + 28*s + 48. Does 8 divide s?
True
Let f(a) be the third derivative of a**4/6 + 5*a**3/6 + 2*a**2. Is f(7) a multiple of 13?
False
Let v(b) be the second derivative of b**3/3 - 3*b. Is 9 a factor of v(9)?
True
Let i(w) = -2*w - 4. Let s(q) be the third derivative of -q**6/120 - q**5/15 + q**3/2 + q**2. Let v be s(-3). Does 8 divide i(v)?
True
Suppose -28 = 4*g - 4*c - 88, 20 = -4*c. Suppose -2 = -4*l + 10. Suppose l*o = o + g. Is 5 a factor of o?
True
Let v = -22 - -37. Let c = v - -17. Is c a multiple of 14?
False
Does 17 divide (2 - -20) + (-2 - 1)?
False
Is 21 a factor of (-2 - -1)/(8/(-952))?
False
Let p = 4 + -19. Is p/(-1*(-1 + 2)) a multiple of 5?
True
Suppose -5*c + 21 - 6 = 0, 35 = 5*j + 5*c. Is ((-1)/(-2))/(j/144) a multiple of 6?
True
Let j be (-3)/(-6)*(-3 - -1). Let a = j + 3. Suppose -2*z + a = -34. Does 9 divide z?
True
Suppose 5*h + 3*h = 248. Is 31 a factor of h?
True
Let g be 0/(3 + -5) - -1. Suppose -5*y = -66 + g. Does 13 divide y?
True
Let i = 503 - 273. Is i a multiple of 8?
False
Let b(x) = -x**3. Let f = -1 - 1. Let k be b(f). Let u = 24 - k. Is 8 a factor of u?
True
Let v(o) = o + 5. Let z be v(-6). Is -1*(-1 + 7)/z a multiple of 3?
True
Let x = -18 + 44. Is x a multiple of 6?
False
Suppose 144 + 228 = 6*y. Is 14 a factor of y?
False
Suppose -k - 12 = -4*k. Suppose 5*j + m = 9, -3*j - 13 = -5*m + k. Is 7 a factor of (-12)/j*10/(-8)?
False
Is 16 a factor of (24/20)/(8/(-20)) + 112?
False
Let k = 44 + 76. Is 20 a factor of k?
True
Suppose 0*c - 6 = -3*c. Let y(p) = 38*p**c - 1 - 3*p + 2*p - p. Is y(-1) a multiple of 14?
False
Suppose 0 = 3*j + 6, 0 = -4*l + j + 2*j + 174. Is l a multiple of 10?
False
Let s(f) = f**3 - 3*f**2 + f. Let i be s(1). Does 3 divide 1 + (-1 - -4 - i)?
False
Suppose -31 - 89 = -2*y. Is y a multiple of 15?
True
Let f be 15/5*(-8)/(-6). Let o be 10/f*(3 + -1). Suppose -o*x - 92 = -4*k, -4*k + 3*x - 2*x + 76 = 0. Does 5 divide k?
False
Let j(f) = f**2 + 4*f - 7. Let x be j(-6). Suppose -3*g + 24 = g - x*c, 4*c - 60 = -4*g. Let u = -5 + g. Does 6 divide u?
True
Let p(u) = -4*u. Let d be p(-1). Let f(j) = -j**3 + 4*j**2 + j + 4. Let c be f(d). Is (-12)/c*22/(-3) a multiple of 11?
True
Let o = 5 + -3. Suppose 21 = 5*q + o*a - 2, 2*q + 4*a = 6. Is 2 a factor of q?
False
Let a = 2 + -2. Suppose n + a*n = 1, n = m - 7. Does 4 divide m?
True
Let l(q) = 4*q - 3. Let p(s) = -2*s + 2. Let m(z) = -4*l(z) - 9*p(z). Is m(7) a multiple of 6?
False
Let s(h) = 8*h + 92. Is s(13) a multiple of 28?
True
Let i = 19 + 14. Is 11 a factor of i?
True
Suppose n = -0*n. Suppose 0*u - 4*u + 40 = n. Does 10 divide u?
True
Suppose 0 = 2*b - 4. Is -14*4/(-8) + b a multiple of 2?
False
Let z be (-4)/14 + 416/(-14). Let k = -17 - z. Is 5 a factor of k?
False
Let k(w) = -w**2 - 4*w + 5. Is 5 a factor of k(-4)?
True
Is 1 + 68 + 4 - -1 a multiple of 37?
True
Suppose -2*b = 4 + 2. Let c = 2 + b. Does 4 divide 3/(-3)*(c - 3)?
True
Let c = -39 - -45. Is c a multiple of 5?
False
Suppose 4 = -2*r + y + 1, 2*r = 3*y - 13. Let m(d) = d**2 - d - 1. Let o(q) = 5*q**2 - 10*q - 12. Let g(t) = r*o(t) - 4*m(t). Is 10 a factor of g(9)?
False
Let c = 6 + -6. Suppose -15 = -0*l - 3*l + 2*t, c = -4*l + 5*t + 27. Is l a multiple of 2?
False
Let s = 407 + -207. Let f = -314 + s. Let d = f - -160. Is 23 a factor of d?
True
Let r(l) = l**3 - 21*l**2 + 24*l - 20. Is r(20) a multiple of 15?
True
Suppose -22 = -0*w - w + 4*l, 5*l = 25. Suppose -2*c + c + w = 0. Does 14 divide c?
True
Suppose 5*h = -4*o + 35, -30 - 4 = -3*h - 5*o. Suppose -h*c - 28 + 172 = 0. Is c a multiple of 24?
True
Suppose -3*d + 2*j = -12, 8 = -0*d - 2*d - 4*j. Is 2 - (-7 + d/1) even?
False
Let r(g) = -g**3 - 3*g**2 - g. Let c be ((-12)/(-8))/((-1)/2). Let j be r(c). Suppose 4*p = j*k - 32, 4*p + 41 = 4*k - p. Does 4 divide k?
True
Let j(t) = t**3 - 4*t - 2. Let x = 0 - -4. Does 12 divide j(x)?
False
Suppose -k + 15 = -v - 0*k, v = -4*k + 5. Let x = 1 + v. Let q = -6 - x. Is q a multiple of 3?
False
Let p = -4 + 6. Suppose -2*l = -p - 2. Suppose 3*a + 0*y - 21 = 3*y, -3*a = l*y - 6. Is 4 a factor of a?
True
Let a = -34 - -67. Let l be (1 + 2)/(3/a). Let n = l + -14. Is n a multiple of 14?
False
Let v(d) = -4*d - d**3 + 2*d**3 + d**2 + 1 + 3*d. Let s be (-20)/(-8) - 5/10. Is v(s) a multiple of 7?
False
Is 9 a factor of 36/(-12) + 58/1?
False
Let r = 4 - 0. Suppose -2*n = 4*l - 0*l - 414, 327 = 3*l - r*n. Suppose -2*x + l = 3*x. Is x a multiple of 8?
False
Let y = -53 + 110. Is 19 a factor of y?
True
Let k be (14 + -4)/(2/4). Suppose 0*u - 4*u = -k. Is 4 a factor of u?
False
Let d(x) be the second derivative of x**4/12 - x**3/6 + 13*x**2/2 - x. Is 13 a factor of d(0)?
True
Suppose 2*j = 5 + 7. Let h be ((-2)/j)/((-1)/75). Suppose 4*x = -d + h, 0*d = 3*d - 5*x + 10. Is d a multiple of 5?
True
Let n(q) = -q**3 - 4*q**2 - 2*q + 2. Let i(p) = 4*p**3 - p**2 - 2*p - 1. Let d be i(-1). Let z be n(d). Does 11 divide (6/5)/(1/z)?
False
Suppose 5*l = 17 + 18. Suppose -4*i + 44 = 4*c, -c + 3*i + 26 = l*i. Does 15 divide c/((-1)/((-15)/6))?
True
Let z = 633 - 432. Is 16 a factor of z?
False
Suppose -4*c - 69 = -d, 4*d + c = 3*c + 290. Is 11 a factor of d?
False
Suppose n - 1 = 0, -56 = -s + 6*s - n. Let q(c) = c**2 + 9*c. Is 22 a factor of q(s)?
True
Let n(s) = s**3 + 9*s**2 + 8*s. Is n(-6) a multiple of 17?
False
Let i be (-6)/(-27) + 14/18. Suppose -3*r + 2 = -i. Suppose -q = -25 - r. Is 13 a factor of q?
True
Is 9 a factor of (5 + 85/(-15))/((-2)/597)?
False
Suppose -9*k = -5*k - 20. Let z = k - -8. Does 5 divide z?
False
Let f(y) = y**2 + 4*y - 7. Let c be f(-6). Suppose -3*z + 5*d = -134, -c*z + 0*d = d - 186. Is 19 a factor of z?
True
Suppose 5*k = 161 - 6. Is 8 a factor of k?
False
Let z(w) = -w**2 - 8*w - 4. Let s(f) = -2*f**2 - 16*f - 8. Let k(v) = 3*s(v) - 5*z(v). Suppose -4*g = 30 - 2. Is k(g) a multiple of 2?
False
Suppose 985 = 4*n + 181. Is n a multiple of 15?
False
Is 30/105 + 2964/14 a multiple of 13?
False
Let g = -2 - -4. Let r be 0 + ((-2)/g - -101). Suppose 20 = -4*b + r. Does 10 divide b?
True
Let f(d) = -2*d + 12. Let b be f(8). Let n(j) be the first derivative of j**4/4 + 4*j**3/3 - j**2/2 + 4*j + 5. Is 8 a factor of n(b)?
True
Let h(c) = -c**3 - 7*c**2 + c + 5. Let g be h(-7). Let w be 18/(-14) - g/7. Is 6 a factor of 1/1*w*-9?
False
Let x = -48 - -67. Does 14 divide x?
False
Let z be -2 - (-5 - (1 - 3)). Let m(u) be the third derivative of 17*u**4/24 + 6*u**2. Is m(z) a multiple of 12?
False
Suppose 17*s = 15*s + 98. Is 43 a factor of s?
False
Suppose -2*z - 4*r + 6 = 0, 4*z - 2*r - 17 = z. Let c = z + -2. Suppose -c*s - 40 - 8 = -3*x, -5*x + 44 = 4*s. Does 6 divide x?
True
Let k(i) = -i**3 + i**2 - i + 79. Let u be k(0). Suppose -2*r + 3*z = -0*z + 88, -5*r - 2*z = 220. Let d = u + r. Does 13 divide d?
False
Suppose 0 = 5*h + 5*u - 435, 5*h - 451 = -0*h - u. Is h a multiple of 13?
True
Let k(t) be the first derivative of 3*t**4/4 - t**3/3 - t**2/2 - t - 1. Is k(2) a multiple of 7?
False
Let g(m) = 2*m**2 - 10*m + 2. Let f be g(9). Suppose 5*q + 25 = 0, 0 = 5*b + 5*q - 186 - f. Is b a multiple of 10?
False
Let r = 44 + -71. Let w = 51 + r. Does 11 divide w?
False
Let w(d) = d**2 - d + 1. Let o be w(2). Suppose -o*f = -f - 42. Is f a multiple of 9?
False
Is 5 a factor of 6/3 - (-16 - -3)?
True
Let v(d) = -d - 1. Let w be (2 - (-6)/(-4))*-12. Let n be v(w). Suppose 0 = -4*z - 2*h + 18, 5*z - 6 = -n*h + 4. Is 4 a factor of z?
False
Let u be ((-72)/3)/2*-1. Suppose 5*y = -x + 5*x + 15, 0 = 4*y + 2*x - u. Suppose -y*f + f = -6. Does 2 divide f?
False
Let s(d) = d + 9. Let w(j) = j + 10. Let l(r) = -4*s(r) + 5*w(